ivided by 17.
15
Let i be 6824/72 + 3/((-162)/(-12)). Suppose 96*r = i*r + 1. What is the remainder when r is divided by 3 - 2/(-4)*-4?
0
Suppose -8*a - 224 = -352. What is the remainder when 342 is divided by a?
6
Let g be 0 + 1 - (-1 + (0 - 2)). Let w be 1 + (-1)/g + (-3540)/(-16). Suppose 4*v = 146 + w. What is the remainder when v is divided by 16?
12
Suppose 0 = 2*b + 80 - 404. Suppose t = 4*l + 53, -3*l - 77 = -t - 23. Suppose t = -7*s + b. What is the remainder when s is divided by 10?
5
Let l = -1909 + 1927. Calculate the remainder when l is divided by 5.
3
Let w be 1/3 + 14/3. Let j(p) = p**3 + 3*p**2 + 8*p + 10. Let i be j(-2). What is the remainder when 22 is divided by 9/(-3) + 3 + i + w?
1
Let m = -6759 - -6784. What is the remainder when 4905 is divided by m?
5
Suppose 0 = -8*r + 4*r. Suppose r = -2*j - 13 + 3. Calculate the remainder when 69 is divided by (-12)/(1 + j/3).
15
Let x be (-399)/28 - (-5)/20. Let t(j) = -j**3 - 12*j**2 + 26*j - 4. Let i be t(x). Calculate the remainder when i/(-156) - (-457)/13 is divided by 27.
8
What is the remainder when 36 is divided by 2 + (1 - (-54)/18)?
0
Suppose -5*g - 17*c = -14*c - 222, g - c - 54 = 0. What is the remainder when 80 is divided by g?
32
Suppose 0 = -2896*h + 2863*h + 264. Calculate the remainder when 2356 is divided by h.
4
Suppose 0 = 4*i - 156 - 140. Let q = -159 - -192. Suppose 2*m - q = -0*f + f, 2*m - 4*f - 18 = 0. What is the remainder when i is divided by m?
17
Suppose -187 = -4*t - 2*i + 637, -3*i + 820 = 4*t. Calculate the remainder when 248 is divided by t.
40
Suppose -3*t + 135 = 3*c, -2*t + 43 = -2*c - 55. What is the remainder when t is divided by 3?
2
Suppose 23*f - 3556 = 1665. Calculate the remainder when 1367 is divided by f.
5
Let o = 4910 - 4828. Calculate the remainder when 99 is divided by o.
17
Let j(v) = 6*v**2 + 52*v - 53. What is the remainder when 347 is divided by j(-12)?
160
Suppose 7*v - 11*v + 3367 = 33*v. Calculate the remainder when 5914 is divided by v.
90
Suppose 4*p + 5*n = n, -2*n - 25 = -3*p. Let u be (-91)/(-6) + 0 - p/30. Suppose 11*x - 12*x + u = 0. Calculate the remainder when x is divided by 4.
3
Let o = -645 + 743. What is the remainder when o is divided by 5?
3
Calculate the remainder when 327 is divided by 28520/506 + (-4)/11.
47
Suppose 5*d + 1010 = -3*c, -4*c + c = 2*d + 395. Let u = 358 + d. Let t = -45 + u. Calculate the remainder when t is divided by 16.
12
Suppose 181*u - 10460 = 1667. Calculate the remainder when 747 is divided by u.
10
Let o = -48 + 48. Suppose -s + 7 - 38 = o. Let d = 45 + s. Calculate the remainder when 26 is divided by d.
12
Let b(l) = -13*l**2 - 22*l + 91. Let g(y) = -7*y**2 - 10*y + 46. Let j(w) = 6*b(w) - 11*g(w). Calculate the remainder when j(-22) is divided by 9.
4
Let w(m) = -20*m - 8. Let o be w(4). Let c = -62 - o. Calculate the remainder when 77 is divided by c.
25
Let t(f) = f**3 - 4*f + 3. Let d be t(-3). Let k(v) = 12*v + 10. Calculate the remainder when k(6) is divided by 2/(-6) - 508/d.
40
Suppose -1501 - 1299 = -56*b. Suppose 3*w = b - 8. What is the remainder when 179 is divided by w?
11
Suppose -20*n + 13 = 13. Let p(y) = -y**3 - y**2 + 12*y + 347. What is the remainder when p(n) is divided by 58?
57
Let s(d) = 8*d - 148. Calculate the remainder when s(28) is divided by (14/(-4))/((-2)/4).
6
Let f(m) = -m**3 + 5*m**2 + 15*m - 18. Let g(a) = -a**3 + 6*a**2 - 2*a - 9. Let n be g(5). What is the remainder when f(n) is divided by 34?
2
Calculate the remainder when (-78)/(-10 - -7)*31 is divided by 10.
6
Let j(l) = 3*l**2 - 20*l + 2525. Calculate the remainder when j(0) is divided by 16.
13
Let w = 593 + -149. Suppose 4 - w = -b. What is the remainder when b is divided by 26?
24
Suppose 16*s = 12*s. Suppose 116*x - 110*x - 60 = s. Suppose v - 78 = -2*v. What is the remainder when v is divided by x?
6
Let x = 528 + -518. Suppose -t = -3*f - 60, x*t = 5*t + 2*f + 274. Calculate the remainder when t is divided by 14.
12
Let q = -3 + 73. Let j(n) = 13*n**2 + 5*n + 20. Calculate the remainder when j(-4) is divided by q.
68
Let l = 756 + -738. Suppose 0 = -3*r + 270 + 153. What is the remainder when r is divided by l?
15
Let c = 236 + -229. Suppose c*v + 231 = 10*v. What is the remainder when v is divided by 16?
13
What is the remainder when 9/((-72)/(-20524))*(2/1 - 0) is divided by 29?
27
Let y be 222/((-2)/10*30/(-12)). Suppose 2*u - y = 366. What is the remainder when u is divided by 24?
21
Suppose -232 + 43 = -27*z. What is the remainder when z is divided by (-24)/(-10) - (-6 - 64/(-10))?
1
Let d(n) = 31*n + 421. Let b(j) = -15*j - 214. Let q(p) = -5*b(p) - 2*d(p). Calculate the remainder when q(-6) is divided by 40.
30
Let m = -406 - -500. Let z = -90 + m. Calculate the remainder when 37 is divided by z.
1
Let d = 262 - 250. Suppose 2*q - d*r - 52 = -8*r, r + 5 = 0. What is the remainder when 27 is divided by q?
11
Suppose -j - 3*j + 140 = 4*x, 3*x - 43 = -j. Suppose -14 = r - j. Let f(a) = -2*a - 8. What is the remainder when r is divided by f(-7)?
5
Calculate the remainder when ((-4296)/(-54))/(7 + (-122)/18) is divided by 3.
1
Calculate the remainder when 202 is divided by (-5 - 912/(-168)) + 214/7.
16
Suppose -5*q + 12 - 2 = 0, -3*q - 279 = -5*l. What is the remainder when 147 is divided by l?
33
Suppose 10098 = -z - 2*z. What is the remainder when 61 is divided by (-1)/6 - z/108?
30
Suppose -516 = -3*d + 11*h - 15*h, -3*h = -2*d + 378. What is the remainder when 557 is divided by d?
17
Suppose 4 = 3*h - 4*i - 22, -5*i - 10 = 0. Let o(u) = 25*u**2 - 5*u - 1. Let v be o(-1). Let l = v - 25. What is the remainder when h is divided by l?
2
Suppose -5*h + 26 = u, 0*u - 3*u = -5*h - 78. Let o = -189 - -99. What is the remainder when (-72)/o - (-492)/10 is divided by u?
24
Let c = 33 + 8. Suppose -142 - 10 = -y. Let q = y - 146. What is the remainder when c is divided by q?
5
Let b = 23 + -18. Suppose 2*g = -4*x + 552, -3*x + 4*g - b*g + 414 = 0. What is the remainder when x is divided by 14?
12
Suppose -88*p = -90*p + 12. Suppose p*b - 213 = -153. What is the remainder when 35 is divided by b?
5
Let i(b) = b**3 + 5*b**2 - 76*b - 38. What is the remainder when i(-10) is divided by 65?
27
Suppose 2*s = 10*g - 6*g + 3162, -s + 1587 = -5*g. What is the remainder when s is divided by 20?
17
Let p = -41 - -61. Suppose p*d - 402 + 62 = 0. Calculate the remainder when d is divided by 5.
2
Suppose -787 = -5*z + 1873*w - 1874*w, -5*z + 3*w + 799 = 0. Calculate the remainder when z is divided by 75.
8
Calculate the remainder when (151041/(-46))/(2/(-4)) - (2 - 3) is divided by 146.
144
Let s = -9 - -26. Let o(g) = 12*g**2 + 2*g + 2. Let h be o(-2). Calculate the remainder when 3/6*h*(-3 - -4) is divided by s.
6
Suppose -32*c + 143*c - 120120 = 34*c. Calculate the remainder when c is divided by 775.
10
Let m be 0/(-2 - (-4)/4). Suppose 4*y + 29 - 9 = m. Let h(s) = -s**3 - 2*s**2 + 10*s - 7. Calculate the remainder when 89 is divided by h(y).
17
Let g(s) = 3*s**2 + 70*s + 255. What is the remainder when g(-28) is divided by 607?
40
Let x(k) = -2*k**3 + 19 + 18 - 8 - 7 + 18*k. What is the remainder when x(-5) is divided by 47?
41
Let a(g) = 3*g**2 + 8*g + 2. Let p be a(-3). Suppose 4*v = 3*v + 2. Suppose v*x = -p*x + 49. Calculate the remainder when x is divided by 5.
2
Let u = 86 - 62. Suppose 16 = -4*z, -19*p - z = -u*p + 369. What is the remainder when p is divided by 20?
13
Calculate the remainder when 167 is divided by (28/(-12) - 2*-1)*-177.
49
Let o(g) = 5*g - 50. Let b = -64 + 177. Suppose -4*l - 2*a + b - 25 = 0, l = 5*a. What is the remainder when o(l) is divided by 27?
23
Suppose -13*g = 5*g - 7*g - 3498. What is the remainder when g is divided by 40?
38
Suppose 25*c - 17*c - 186 = 2*d, -4*d + 68 = 4*c. Calculate the remainder when 1006 is divided by c.
16
Let q(s) = s**2 + 67*s - 576. Calculate the remainder when q(-78) is divided by 8.
2
Let g(a) = -12*a - 4. What is the remainder when 104/65 + (-2466)/(-15) is divided by g(-5)?
54
Let r(g) = -39*g - 60. Let c be r(-5). Let u = c - 70. What is the remainder when u is divided by 35?
30
Let j = -1 + 17. Let d(k) = 40*k + 85. Let b be d(-2). What is the remainder when j is divided by (-1)/(-3) + b + (-56)/42?
0
Let g = -627 - -744. Calculate